et q(z) = -z**3 - z**2 - z - 32. Suppose -d - 9*d = -3*d. Calculate q(d).
-32
Let v(u) = -8*u**3 + 2*u**2 + u + 2. Suppose -2*t + 3 = -3*o + 1, -14 = 5*t + 2*o. Let c be v(t). Let d(b) = b + c - 69 + 3*b. Give d(-4).
-13
Let b(u) = -8*u + 30. Let s be b(5). Let f(c) = c**3 + 8*c**2 - 17*c + 24. Let k be f(s). Let l(y) = -y**3 - 5*y**2 + 7*y - 1. Determine l(k).
-7
Let s(f) = -4*f - 23. Let o = -99 + 93. Let p be s(o). Let t(q) = 5*q - 1. What is t(p)?
4
Suppose 0 = 4*u - 2*g + 30, u - 17 = 4*g - 35. Let b(z) = -z**2 + 5*z. What is b(u)?
-66
Let o(d) = -d**2 - d + 6. Let v = -6 + 11. Let f be 2*(50/4)/v. Suppose 2*m + 10 = f*n, 3*n + 15 = -8*m + 5*m. What is o(n)?
6
Let d = -1005 + 1010. Let u(q) = q**3 - 4*q**2 - 7*q + 2. Determine u(d).
-8
Let r(z) = 2*z - 12. Let l be r(6). Suppose 5*x - f - 191 = 0, 4*x = -f + 124 + 36. Let c be (-1 - l)/(13/x). Let a(v) = v + 3. Give a(c).
0
Let y(j) = j - j - 2*j - 3. Let g(f) be the second derivative of f**5/20 + 2*f**4/3 - 3*f**3/2 - f**2 + f. Let i be g(-9). Give y(i).
1
Suppose 3*x = -b + 5*b - 41, 2*x - 5*b = -39. Let y(r) = r**2 + 6*r - 7. Let v be y(x). Let n(s) be the first derivative of -s**2/2 - 503. Determine n(v).
0
Let r(t) be the first derivative of -t**2/2 + t + 2. Let u(h) = h**3 + 9*h**2 - 116*h - 68. Let f be u(-16). What is r(f)?
5
Let u(t) = 6*t + 1. Let z(y) = -19*y - 3. Suppose 5*b - 3*v = -14 - 6, -v = 2*b + 19. Let p(a) = b*u(a) - 2*z(a). Give p(-1).
3
Let y(m) be the third derivative of -m**6/120 - m**5/20 - m**4/6 - m**3/2 - 3*m**2. Suppose 13 = -4*z + 5*f, 0 = -4*z + 69*f - 72*f - 5. Determine y(z).
1
Let o(z) = -31*z + 4. Let r(v) = -18*v + 2. Let p(u) = 3*o(u) - 5*r(u). Calculate p(4).
-10
Let t(u) = -73*u + 746. Let g be t(10). Let s(l) = -l**2 + 16*l - 23. Calculate s(g).
-23
Let m(u) = u**3 + 12*u**2 + 10*u - 8. Suppose 2*t + 17 = -a, a - 2*t = t - 2. Let c be m(a). Let i(z) = z**3 - 5*z**2 + 4*z - 3. Give i(c).
-9
Let w(s) = -29*s + 12. Let v(t) = 35*t - 12. Let i(p) = -5*v(p) - 6*w(p). Suppose 4 = j + 5*h, -4*j + 0 - 18 = 3*h. What is i(j)?
-6
Suppose 4*y - 13 = 11. Let g be ((-20)/y + 3)*3. Let b(p) = -6 - p**3 + 6 - 2*p**2 + 1. Determine b(g).
0
Let c(u) = 55*u - 22*u - 17*u - 15*u + u**2 + 7. Determine c(-6).
37
Let k(n) = -n. Let q be 4/2*(-4 + 3). Let s(d) = d - 1. Let p(x) = q*s(x) - k(x). Let y be -1*(-5 - 0/(-1)). Calculate p(y).
-3
Let p(b) be the second derivative of b**3/6 + b**2/2 - 60*b. Calculate p(-3).
-2
Let o(b) = 3*b**3 + b**2 - 2*b - 2. Let k be 2 + 21/14*-2. Determine o(k).
-2
Let d(o) = o**2 + o + 12. Let q = -11 + 13. Let k be (0*q/(-4))/2. Give d(k).
12
Let m(a) = 0*a - 3*a - 4*a - 5 - 2*a - 7*a**2 + 6*a**2. Determine m(-4).
15
Let m = -74 + 76. Let k(v) be the first derivative of 2*v**3 - 9 - 6*v + 1/4*v**4 + 3/2*v**m. Give k(-5).
4
Let d(r) = -11*r**2 - 21*r - 35. Let b(z) = 4*z**2 + 8*z + 12. Let y(k) = -8*b(k) - 3*d(k). Determine y(0).
9
Let h(u) = 5 - 3*u - 3 + 6. Let r be -3 + (-77)/(-8) + (-6)/(-16). Calculate h(r).
-13
Let d(n) be the first derivative of n**4/4 + 2*n**3/3 - n - 115. Determine d(-1).
0
Let w(a) = -11 - 2*a - 12*a**2 - 1 + 13. Let c = 4 - 0. Suppose 6 = c*i + 2. Calculate w(i).
-13
Let s be 18/8*40/15. Let v(h) = 180*h**3 + 7 - 3 - 6*h - 179*h**3 + s*h**2. Calculate v(-7).
-3
Let y(p) = -2*p - 32 - 34 + 72. Give y(11).
-16
Suppose -z - 15 = -4*l, -5*z + l = -27 + 7. Let b(s) = -4*s - z + 3 + 3*s. Let q = -1078 - -1071. Calculate b(q).
5
Suppose -8*p = -3*p - 160. Suppose -37*a = -33*a - p. Let g(c) = -c**2 + 8*c - 6. Give g(a).
-6
Let r(k) = -k**2 + 31*k - 102. Let g be r(27). Let j(s) = s**2 - 3*s - 1. What is j(g)?
17
Let v(a) be the first derivative of a**5/60 - a**4/3 + 7*a**3/6 - 7*a**2/2 - 8. Let d(o) be the second derivative of v(o). Determine d(5).
-8
Let w be (-1)/((4/(-2))/2). Let j(l) be the second derivative of -2*l**3/3 + l**2/2 + 101*l + 10. Determine j(w).
-3
Let p(q) = q**3 - 7*q**2 + q - 4. Let r be p(7). Let t(k) be the third derivative of -k**6/120 + k**5/12 - k**4/12 - k**3/2 - 482*k**2. Determine t(r).
9
Let i(u) = -21*u - 22*u + 73*u - 29*u + 3. What is i(-1)?
2
Suppose 45 = c + 2*c. Suppose 11*p - c*p + 8 = 0. Let f(o) = -o**3 - o + 2. Give f(p).
-8
Let u(j) be the first derivative of -2*j**2 + 4*j + 10. Give u(6).
-20
Let g(x) be the third derivative of -x**4/24 + 3*x**3/2 + 13*x**2. Let v be g(4). Let n(i) = i**2 - 7*i + 6. What is n(v)?
-4
Let c(p) = 5 + 3 + 3*p - 2*p. Let j be 2*(4/8 - 3). Let q = j + 1. What is c(q)?
4
Let w(d) = d + d**3 - 6*d**2 + d - 4 - 5. Let x be (-9 + 7)*6/(-4). Suppose 42 = 4*u + x*u. Determine w(u).
3
Let o(l) = -6 - 4 - 119*l + 122*l. Determine o(5).
5
Let h(q) = 4*q**2 + 14*q - 28. Let b(x) = -7*x**2 - 25*x + 55. Let r(l) = -3*b(l) - 5*h(l). Calculate r(-9).
11
Let a be 30/7 + (-2)/7. Let r be 6*2/(-8)*-2. Let x(h) = -3*h**2 + 0*h**2 - r*h**2 + 5*h**2 + 2 + 6*h. What is x(a)?
10
Let h(u) = -u**3 - 14*u**2 + 18. Let g(f) = -f**3 + 25*f**2 - 36*f - 244. Let d be g(23). Determine h(d).
18
Suppose -j = -2*c + j - 16, -2*c - 7 = j. Let y(p) = 2*p**2 + 7*p - 2. Determine y(c).
13
Let c(f) = -2*f - 1. Let l(p) = 5*p + 5. Let j(m) = -3*c(m) - l(m). Calculate j(0).
-2
Let s be 86/18 - (-4)/18. Suppose 2*j - a - 2 = 0, -2*a = -s*j - 0*a + 4. Let h(n) = -6*n - 1 + 7*n + j + 0*n. Calculate h(1).
0
Let g(y) be the second derivative of -y**3 - 2*y**2 - 22*y. Give g(-3).
14
Let k(x) = 6*x - 9. Let q be k(2). Let l(n) = 3*n + 29*n**3 - 30*n**3 - 6 - q*n - 5*n**2. What is l(-5)?
-6
Let y(r) = -9*r + 5. Let w be y(-2). Let d = -15 + w. Let o(s) = -s**3 + 8*s**2 - 6. What is o(d)?
-6
Let s(h) = -3*h**3 + 2*h**2 + 4*h - 2. Let w(r) = -r**3 + r - 1. Let i(o) = -s(o) + 2*w(o). Suppose 5*c + 2*n = -5 + 12, -4*n = 16. Determine i(c).
3
Suppose -3*w = 3*z - 12, -4*z - z + 15 = 0. Suppose -5*d - 4 = w. Let h(m) be the third derivative of -m**6/10 + m**3/6 + 2*m**2. Give h(d).
13
Let v(u) = u**2 + 21*u + 79. Let s be v(-5). Let y(a) = -3*a - 2. Give y(s).
1
Let q(m) = 5*m + 12. Let u(l) = l**2 - 6*l - 66. Let t be u(-6). What is q(t)?
42
Let j(h) = -h**3 - h**2 + 7. Let o = 59 - 64. Let l be 0/((-2 - o)/(-3)). Calculate j(l).
7
Suppose 3*z - 3*c + 6 = 0, -z + c = z + 2. Let m(s) = -5*s**3 - s**2 - 6*s - 4. Let d(x) = 6*x**3 + x**2 + 7*x + 4. Let u(a) = 6*d(a) + 7*m(a). What is u(z)?
-4
Let j(c) = c**2 + 2*c - 79. Let y be j(8). Let s(f) = f + 1. Let u(o) = -6*o + 1. Let t(p) = 2*s(p) - u(p). Calculate t(y).
9
Suppose -4*q + 14 = j, -12 = -5*j - 5*q + 13. Suppose -t + j*t - 6 = 0. Let n(y) = -y**3 + 5*y**2 + 5*y + 1. Determine n(t).
-5
Let z(h) = -h**3 + 2*h + 5*h**2 + 4*h**3 - 4*h**3 - 6*h. Suppose g = 5*j + 19, j + 8 = g + 1. Calculate z(g).
0
Let q(y) = 2*y + 4. Let i be 23/(-7) - 4/(-14). Let u(m) = m + 3. Let z(r) = i*u(r) + 2*q(r). Let a be ((-110)/15 + 6)*(-3)/2. Determine z(a).
1
Let k(d) be the second derivative of d**5/20 - d**4/3 - d**3 + 4*d**2 - 157*d. Give k(5).
3
Let n(x) = -3*x + 1. Let i(p) = p. Suppose -s + 4 = 1. Let q(m) = s*n(m) + 8*i(m). Let c(r) = -r**3 - 5*r**2 - 5*r + 1. Let u be c(-4). Determine q(u).
-2
Let d(y) = 640*y**3 + 2*y - 162*y**3 - 164*y**3 - 157*y**3 - 158*y**3 + 2 - 6*y**2. Let z = -1 + -5. Give d(z).
-10
Suppose -77*b = -88*b + 33. Let q(g) = 10*g + 1. Give q(b).
31
Let b(m) = 7*m - 1. Suppose -5*g - 10 = -5, 2*t + 5 = -3*g. What is b(t)?
-8
Suppose 2*q = 5*t + 4, 5 - 2 = -q. Let u(b) = -3*b**3 + 17*b**2 + 14*b + 14. Let c(g) = -g**3 + 6*g**2 + 5*g + 5. Let v(a) = -17*c(a) + 6*u(a). Determine v(t).
9
Let g(s) be the third derivative of s**4 + 9*s**2 + 1. Determine g(-1).
-24
Let x = 1681 + -1681. Let o(z) be the second derivative of -3/2*z**2 - 5/6*z**3 - 8*z + x. What is o(3)?
-18
Let r = -88 - -85. Let q(x) = -x**3 + x**2 - 2*x - 4. Calculate q(r).
38
Let r(a) be the third derivative of -11*a**6/120 + a**5/60 - a**4/24 + a**3/6 + 32*a**2. Suppose 12*l - 13*l = -1. What is r(l)?
-10
Let b = 409 - 416. Let t(x) = x**3 + 5*x**2 - 8*x + 5. Determine t(b).
-37
Let n(p) = -2*p**2 - 7*p. Let a be (35/14)/1*4/5. Suppose -4*t - a + 15 = -j, 4*j = -5*t - 10. Calculate n(j).
-15
Let t(h) = 8*h + 87. Let u be t(-11). Let b(z) = -21*z - 1 + z**2 + 21*z. What is b(u)?
0
Let k(w) = -2*w**3 - 2*w**2 - 2. Let r(l) = -3*l**3 - 3*l**2 - l + 1. Let t(y) = -k(y) + r(y). Wha